(o) = -o**3 + 2*o**2 + 3*o - 9. Let f(k) = -k**2 + 1. Let v(i) = -b(i) - 6*f(i). What are the prime factors of v(-3)?
3, 7
Let z = -86 - -409. List the prime factors of z.
17, 19
Let v be 3*(3 + 4/(-3)). Suppose 0*y + 5*y - v*o - 40 = 0, -4*o + 3 = 3*y. List the prime factors of y.
5
Let z(w) = -2*w - 2. Let y be z(6). Let h = -3 - y. What are the prime factors of h?
11
Suppose 2*u - 2*n = 416, -1075 = -5*u + 2*n - 4*n. List the prime factors of u.
3, 71
Let y be (-1)/(-1) + 1 + 0. Let l = 9 - 10. Let s = y - l. What are the prime factors of s?
3
Let l = -277 + 425. What are the prime factors of l?
2, 37
Let a(n) = n + 2. Let w be a(0). Suppose -w - 7 = -s. List the prime factors of s.
3
Let w be 12/42 - (-38)/14. Suppose -4*g + 7 - 21 = -2*d, g = -w*d + 7. What are the prime factors of d?
3
Let k = -48 - -80. What are the prime factors of k?
2
Let v be ((-1)/(-3))/(4/12). Let q be (4/10)/(v/(-30)). List the prime factors of (-32)/(-6)*(-27)/q.
2, 3
Let w = -10 + 13. What are the prime factors of w?
3
Suppose 103 = 11*k - 480. What are the prime factors of k?
53
Let u be (4 + 0 - 3) + -3. Let j be 8*(u/8 - -3). Suppose 2*o + 2*p = j, o - 17 + 2 = -2*p. What are the prime factors of o?
7
Let y be ((-4)/6)/(11/(-33)). Suppose -j + 109 = -2*n - 37, -226 = 3*n + 2*j. What are the prime factors of 1/y - n/4?
19
Suppose 6 = 2*m + 5*n, 0*m = -3*m - 3*n. List the prime factors of (1 - 8)/(m - -1).
7
Suppose 14 = 4*s - 66. List the prime factors of s.
2, 5
Let u(s) = 1. Let t(w) = -2*w - 12. Let z(n) = t(n) + 10*u(n). Let x = -16 - -10. What are the prime factors of z(x)?
2, 5
Suppose n + 2*n + 2*f + 64 = 0, 3*f - 3 = 0. Let l = 2 - n. Suppose l = 5*g - 56. List the prime factors of g.
2
List the prime factors of ((-36)/14)/(9/(-252)).
2, 3
Suppose -2*w - 21 = w. What are the prime factors of ((-12)/w)/(2/14)?
2, 3
Let u be -3 - (-1 - -2) - -24. Let t = 32 - u. List the prime factors of t.
2, 3
Suppose 7*b = 4*b + 123. List the prime factors of b.
41
Let x = 903 + -512. What are the prime factors of x?
17, 23
Let j(b) = -b + 11. Let s be j(5). Suppose -5*x + 9 = -s. Suppose 0 = -0*d + x*d - 24. List the prime factors of d.
2
Let v(x) be the second derivative of x**5/20 + x**4/2 + x**3/6 + 3*x**2/2 + 6*x. What are the prime factors of v(-5)?
23
Let i(k) = 2*k**2 - 17*k + 9. List the prime factors of i(11).
2
Suppose -z - 6 = -3*z. Let u(n) = n**3 - 3*n - n**3 + 5*n**2 - 1 - n**z. What are the prime factors of u(4)?
3
Let q(f) = f + 11. Let b be q(-9). Suppose 4*l - b = 70. What are the prime factors of l?
2, 3
Suppose -c = 4*f - 272, -2*f + 0*c + 150 = 4*c. Suppose -3*j = 5*k - f, -2*k + 2*j = -28 - 2. What are the prime factors of k?
2, 7
Let v = 14 + -5. Suppose -v = -5*y - 3*g + 21, 2*g = -4*y + 24. What are the prime factors of y?
2, 3
Let l(h) = 3*h**3 + 3*h**2 - 5*h - 2. Let w be l(-3). List the prime factors of 1*4/(-4)*w.
41
Let w be 1 + (2 - 6/(-3)). Let q = -26 - -17. What are the prime factors of (w/(-5))/(1/q)?
3
Let x be 5/10 + (-5)/(-2). Suppose -x*w = w - 16. Suppose -w*f + 3*r + 69 = 0, -f - 4*f + r + 100 = 0. List the prime factors of f.
3, 7
Suppose -2*z = -0 + 14. Let n = 9 + z. Suppose 0*a + 4*a - 20 = 2*o, 2*o - 22 = -n*a. List the prime factors of a.
7
Let g(n) = n**2 + 6*n + 2. Let z be g(-6). Suppose -12 = -4*r - 2*c - 2*c, z*c = -r + 2. What are the prime factors of (2 - r)*-5*1?
2, 5
What are the prime factors of 0 - -1 - (-63)/7?
2, 5
Let w = 261 + -177. Let z = 119 - w. What are the prime factors of z?
5, 7
Suppose -5*i = -r - 7, 2*i - 19 = 3*r - 8*r. Suppose 0 = -2*l - 2*z, -3*z + 9 = r. Let u = 6 + l. List the prime factors of u.
2
Let w = 398 + -176. List the prime factors of w.
2, 3, 37
Let p(b) = 2*b - 5. Let n(j) = -5*j + 11. Let i be 1/((-2)/((-16)/2)). Let y(f) = i*n(f) + 9*p(f). List the prime factors of y(-2).
3
Suppose 4*o - 48 = 36. Suppose o + 46 = 5*z + 2*b, 0 = -b + 1. What are the prime factors of z?
13
Let q(i) = -i**2 - 7*i + 8. Let y be q(-7). Let r(n) = 1 - y - 2 - 3*n - 2. List the prime factors of r(-9).
2
Let i = -41 + 69. Let u be 48/i - (-2)/7. List the prime factors of -6*(-2 + (3 - u)).
2, 3
Suppose 4*k + 1 - 21 = 0. Suppose k*v + 688 = v. List the prime factors of 4/(-14) + v/(-14).
2, 3
Let y = -4 - -6. Suppose y*l + l - 36 = 0. List the prime factors of l.
2, 3
Suppose -u = -4*s + 59, s + 3*u - 8 = u. What are the prime factors of s?
2, 7
Let l = -8 - -18. Suppose -2*y + l + 10 = 0. List the prime factors of y.
2, 5
Let h = 34 + -13. List the prime factors of h.
3, 7
Let x be (0/(-3) + -2)/(-2). Let z = x + 14. What are the prime factors of z?
3, 5
Let x(f) = f - 6. Let g be x(8). Suppose 0 = 4*b - 4*q - 103 - 25, b = g*q + 31. What are the prime factors of b?
3, 11
Let o = 12 + -8. Suppose -3*n + 2 = -o. List the prime factors of n.
2
Let s = 47 + -24. What are the prime factors of s?
23
Let v = 603 + -406. What are the prime factors of v?
197
Let a = -255 + 382. List the prime factors of a.
127
Let d be (-2)/(-4) + (-68)/8. What are the prime factors of 74/(-4)*d/4?
37
Suppose -9 = -2*k + 1. Suppose -2 = -k*n + 18. Suppose -20 = -n*i - 4. List the prime factors of i.
2
Let k = -38 + 72. List the prime factors of k.
2, 17
Suppose -8 = 3*q + q. Let u(o) = -2*o + 1. What are the prime factors of u(q)?
5
Let r(l) = -4*l**3 - 1. Let k be r(-1). Suppose -3*j + 9 = u, k*j = 5*u + 14 - 5. Suppose u*n + 24 = 3*n. What are the prime factors of n?
2
Let n(j) = -j**3 + 7*j**2 + 10*j + 4. What are the prime factors of n(8)?
2, 5
Let f(b) = -b**3 + 15*b**2 - 15*b + 20. Let x be f(14). List the prime factors of x/(-21) + 312/14.
2, 11
Let k(u) = 36*u**3 + u**2 - u + 1. Let r be k(1). Suppose r - 1 = 3*p. What are the prime factors of p?
2, 3
What are the prime factors of (-12)/(12/(-3)) + 11?
2, 7
Let w = 31 + -15. Suppose 0 = -4*z + w + 24. What are the prime factors of z?
2, 5
Let n(w) = 3*w**2 + 3*w + 1. Let c be n(-2). Suppose -2*y = -g - 4 - c, -3*g + 7 = 4*y. What are the prime factors of (-1)/y + (-21)/(-4)?
5
What are the prime factors of -2 - (512/(-2) + 1)?
11, 23
Suppose 4 = 2*r - 264. What are the prime factors of r?
2, 67
Let h be (-36)/(-3)*2/4. Let m = 6 + h. List the prime factors of m.
2, 3
Suppose 2*n + 0 = 2*a + 52, -4*n + a + 98 = 0. What are the prime factors of n?
2, 3
Let n(i) be the second derivative of -i**5/20 + i**4/12 - i**3/6 + 2*i**2 + 3*i. Suppose t = -t. What are the prime factors of n(t)?
2
Suppose 9 = t - 6. Let q = -7 + t. What are the prime factors of q?
2
Let t be ((-99)/15)/((-8)/(-40)). Let n = -27 - t. List the prime factors of n.
2, 3
Let h = -14 + 23. Suppose 2*v + d - h = 0, -v = -4*v + d + 16. List the prime factors of v.
5
What are the prime factors of (-426)/(-15) + 18/30?
29
Let w(c) = 6*c**2 - 36*c - 20. Let l(j) = -j**2 + 7*j + 4. Let t(z) = 11*l(z) + 2*w(z). Suppose 4*i + 6 = -14. List the prime factors of t(i).
2
Suppose 0*q - 3*q = 0. Suppose -2*y + 0*t - 10 = 2*t, -4*t - 8 = q. What are the prime factors of (y*10)/(-2) - 2?
13
List the prime factors of (-7)/((-21)/8)*(-63)/(-2).
2, 3, 7
Let k = 3 + 6. Let d = k + -4. Suppose -2*b - 2*g = -8 - 6, d*b - 59 = g. What are the prime factors of b?
11
Let m = 12 + -12. List the prime factors of 32 + (m - 1) - -2.
3, 11
Suppose -1 = -k - 3. Let m be k*(-4)/((-16)/26). Let w = 23 + m. List the prime factors of w.
2, 5
Suppose -16 = f + 4*w, -2*w = f - 0*w + 16. List the prime factors of 31/2 - 8/f.
2
Let t = -93 - -153. List the prime factors of t.
2, 3, 5
Let z(b) = -b**3 + 8*b**2 + b - 8. Let w be z(8). Suppose w = -3*d + 2*k - 3*k + 77, 4*d - 109 = 5*k. What are the prime factors of d?
2, 13
Let p(b) = b**3 + 9*b**2 + 7*b - 5. Let i be p(-6). Let f = i + -5. Let y = -39 + f. What are the prime factors of y?
17
Let u be ((-8)/3)/((-4)/6). Suppose -w + c = 3*w - 22, -u*c = -4*w + 16. What are the prime factors of w?
2, 3
List the prime factors of 910/6 + 38/(-57).
151
Suppose n - 5*a + 21 = 0, 0 = 4*n - a - 11 - 0. Suppose 0 = n*k - 5*k + 2. List the prime factors of k.
2
Let b be 12/42 - 304/(-14). Suppose v = -2*r - 6, -3*v + 3*r + b = r. Suppose 4*m - 59 = -3*z, v*z = -3*m + 18 + 35. What are the prime factors of m?
11
Suppose -4*p = 4*z + z - 105, -32 = -z - 3*p. List the prime factors of z.
17
Let l(b) = 